se 6?
-324
What is 223 (base 7) in base 14?
83
What is -60 (base 12) in base 5?
-242
What is 1 (base 8) in base 7?
1
What is -122 (base 14) in base 8?
-342
What is 4 (base 11) in base 14?
4
12 (base 7) to base 5
14
0 (base 12) to base 3
0
Convert 1a (base 12) to base 7.
31
-10111 (base 2) to base 7
-32
1 (base 5) to base 16
1
-3 (base 14) to base 12
-3
What is 36 (base 7) in base 12?
23
Convert 0 (base 13) to base 6.
0
-3 (base 5) to base 10
-3
What is 0 (base 7) in base 3?
0
Convert -7c (base 15) to base 7.
-225
What is -1 (base 14) in base 11?
-1
What is 101110 (base 2) in base 3?
1201
Convert -2 (base 7) to base 6.
-2
What is -276 (base 9) in base 5?
-1411
-254 (base 7) to base 5
-1022
-44 (base 11) to base 3
-1210
Convert 20 (base 3) to base 8.
6
Convert 1 (base 7) to base 4.
1
Convert -f (base 16) to base 7.
-21
What is -2 (base 10) in base 8?
-2
Convert -5 (base 10) to base 14.
-5
Convert -1001 (base 2) to base 4.
-21
Convert -3 (base 13) to base 6.
-3
Convert -2a (base 14) to base 7.
-53
Convert 3 (base 12) to base 15.
3
Convert 57 (base 15) to base 5.
312
What is -41 (base 5) in base 11?
-1a
What is -60 (base 8) in base 9?
-53
204 (base 11) to base 6
1050
What is 14 (base 10) in base 4?
32
What is 120 (base 11) in base 14?
a3
6 (base 9) to base 2
110
Convert 2 (base 9) to base 2.
10
What is -42 (base 5) in base 4?
-112
-102 (base 8) to base 2
-1000010
1010 (base 2) to base 7
13
What is -13 (base 13) in base 11?
-15
43 (base 6) to base 15
1c
-6 (base 7) to base 3
-20
-13 (base 5) to base 4
-20
Convert -5 (base 7) to base 9.
-5
Convert -1222 (base 3) to base 7.
-104
Convert -8 (base 16) to base 5.
-13
Convert -3 (base 10) to base 7.
-3
11 (base 7) to base 13
8
What is 0 (base 5) in base 7?
0
3 (base 5) to base 4
3
What is 0 (base 7) in base 13?
0
-201 (base 6) to base 10
-73
What is 3 (base 13) in base 6?
3
0 (base 3) to base 9
0
What is -1010 (base 3) in base 15?
-20
What is -2 (base 5) in base 14?
-2
1 (base 15) to base 8
1
Convert -4 (base 16) to base 10.
-4
What is 101 (base 4) in base 7?
23
Convert 33 (base 11) to base 5.
121
-1b (base 12) to base 2
-10111
-1 (base 6) to base 12
-1
What is 1 (base 9) in base 8?
1
3 (base 9) to base 11
3
Convert -30 (base 6) to base 8.
-22
What is 1 (base 10) in base 16?
1
100 (base 15) to base 11
195
Convert 31 (base 12) to base 8.
45
67 (base 11) to base 9
81
1 (base 10) to base 6
1
8 (base 9) to base 11
8
What is 2 (base 10) in base 14?
2
-179 (base 11) to base 16
-cf
-4a (base 16) to base 2
-1001010
Convert 2 (base 6) to base 14.
2
Convert 2 (base 13) to base 9.
2
What is -a (base 11) in base 6?
-14
Convert -10 (base 9) to base 11.
-9
54 (base 9) to base 2
110001
What is -12 (base 5) in base 13?
-7
-11110 (base 2) to base 9
-33
Convert -12 (base 3) to base 7.
-5
What is -5 (base 12) in base 10?
-5
-2 (base 11) to base 12
-2
What is 71 (base 13) in base 6?
232
Convert b (base 12) to base 10.
11
-3 (base 6) to base 3
-10
Convert -5 (base 9) to base 10.
-5
What is 191 (base 11) in base 4?
3131
What is -1 (base 6) in base 5?
-1
201 (base 6) to base 16
49
What is 3 (base 16) in base 4?
3
What is 44 (base 12) in base 7?
103
Convert 1 (base 6) to base 2.
1
What is 17 (base 15) in base 2?
10110
11100 (base 4) to base 14
1a0
16 (base 7) to base 4
31
3 (base 9) to base 2
11
243 (base 9) to base 11
173
-1 (base 2) to base 7
-1
-1 (base 9) to base 16
-1
78 (base 15) to base 2
1110001
Convert 3 (base 9) to base 4.
3
What is -1 (base 12) in base 15?
-1
Convert -112 (base 4) to base 13.
-19
Convert -3 (base 15) to base 11.
-3
-2 (base 14) to base 7
-2
What is -b (base 12) in base 13?
-b
123 (base 4) to base 9
30
Convert 0 (base 5) to base 15.
0
-3 (base 6) to base 9
-3
102002 (base 3) to base 10
299
Convert 103 (base 10) to base 11.
94
Convert -13e (base 16) to base 3.
-102210
Convert 210 (base 6) to base 16.
4e
13 (base 10) to base 4
31
2 (base 11) to base 9
2
-101101 (base 2) to base 15
-30
19 (base 12) to base 4
111
Convert 1021 (base 3) to base 11.
31
85 (base 11) to base 5
333
Convert 22 (base 8) to base 3.
200
-47 (base 14) to base 8
-77
Convert -48 (base 10) to base 4.
-300
-212 (base 3) to base 9
-25
What is 25 (base 9) in base 16?
17
What is 9 (base 13) in base 6?
13
What is 5 (base 7) in base 12?
5
1111 (base 3) to base 2
101000
Convert 1 (base 12) to base 3.
1
Convert 2 (base 6) to base 3.
2
-1440 (base 6) to base 3
-112020
Convert 1 (base 3) to base 12.
1
What is 15 (base 11) in base 9?
17
Convert 1 (base 15) to base 2.
1
Convert 11 (base 2) to base 5.
3
-2 (base 14) to base 12
-2
Convert 3 (base 15) to base 12.
3
13 (base 12) to base 11
14
76 (base 12) to base 3
10100
7 (base 16) to base 14
7
What is -2 (base 15) in base 7?
-2
-11 (base 8) to base 16
-9
Convert -43 (base 16) to base 10.
-67
100 (base 6) to base 13
2a
211 (base 3) to base 8
26
What is 0 (base 2) in base 9?
0
20 (base 8) to base 7
22
Convert -1 (base 4) to base 12.
-1
Convert 110 (base 2) to base 12.
6
What is -14 (base 5) in base 14?
-9
What is -3 (base 11) in base 8?
-3
1000 (base 2) to base 7
11
Convert 11010 (base 2) to base 5.
101
What is 64 (base 7) in base 13?
37
8 (base 13) to base 2
1000
10 (base 9) to base 11
9
Convert -9 (base 14) to base 8.
-11
Convert -2 (base 7) to base 8.
-2
Convert -1100010 (base 2) to base 10.
-98
54 (base 10) to base 3
2000
-6 (base 9) to base 10
-6
-13c (base 14) to base 12
-18a
What is -5 (base 6) in base 3?
-12
-15 (base 13) to base 9
-20
Convert 5b (base 13) to base 3.
2211
-32 (base 4) to base 12
-12
22 (base 3) to base 8
10
What is 32 (base 9) in base 2?
11101
-1 (base 2) to base 11
-1
-110011001 (base 2) to base 5
-3114
-4 (base 7) to base 4
-10
What is 1 (base 9) in base 16?
1
-42 (base 6) to base 13
-20
-13 (base 12) to base 3
-120
-10022 (base 3) to base 4
-1121
What is 1002 (base 3) in base 13?
23
What is -11 (base 13) in base 4?
-32
What is -10122 (base 3) in base 15?
-68
fe (base 16) to base 8
376
Convert 450 (base 6) to base 13.
105
Convert 33 (base 7) to base 11.
22
Convert 0 (base 6) to base 10.
0
Convert 4 (base 12) to base 11.
4
Convert 101 (base 4) to base 3.
122
Convert -4 (base 9) to base 14.
-4
211 (base 6) to base 9
87
1 (base 9) to base 15
1
What is -204 (base 6) in base 10?
-76
What is -1 (base 7) in base 5?
-1
What is -5 (base 7) in base 9?
-5
What is 3 (base 9) in base 12?
3
Convert 22 (base 5) to base 4.
30
22 (base 15) to base 8
40
What is -1002 (base 5) in base 12?
-a7
What is -4 (base 6) in base 2?
-100
Convert -2 (base 8) to base 9.
-2
Convert -2 (base 12) to base 15.
-2
Convert -5 (base 14) to base 3.
-12
-63 (base 8) to base 6
-123
Convert 0 (base 15) to base 11.
0
Convert -4 (base 6) to base 14.
-4
What is 17 (base 11) in base 10?
18
30 (base 8) to base 4
120
Convert 113 (base 7) to base 14.
43
Convert -1320 (base 5) to base 7.
-420
142 (base 5) to base 13
38
Convert 2 (base 13) to base 2.
10
Convert 4 (base 5) to base 15.
4
Convert 10 (base 3) to base 15.
3
What is 11 (base 4) in base 2?
101
Convert -10 (base 6) to base 13.
-6
Convert 50 (base 7) to base 2.
100011
What is 45 (base 11) in base 16?
31
-22 (base 9) to base 6
-32
Convert -3 (base 14) to base 5.
-3
What is -4 (base 6) in base 7?
-4
-2c (base 14) to base 16
-28
22 (base 4) to base 2
1010
Convert -32 (base 14) to base 8.
-54
What is 4 (base 14) in base 15?
4
-20 (base 7) to base 8
-16
What is 1 (base 14) in base 9?
1
-1105 (base 6) to base 8
-401
Convert -110000 (base 2) to base 16.
-30
Convert -2 (base 14) to base 5.
-2
-11 (base 13) to base 6
-22
What is -11100 (base 2) in base 15?
-1d
-125 (base 7) to base 2
-1000100
Convert 101 (base 3) to base 11.
a
What is -33 (base 15) in base 7?
-66
6 (base 13) to base 6
10
Convert 1 (base 8) to base 2.
1
Convert -15 (base 7) to base 6.
-20
Convert -1 (base 14) to base 8.
-1
2001 (base 3) to base 6
131
-200 (base 6) to base 5
-242
Convert 10 (base 2) to base 13.
2
What is 231 (base 10) in base 16?
e7
What is 22 (base 7) in base 6?
24
What is -21 (base 6) in base 14?
-d
What is -224 (base 8) in base 7?
-301
Convert 14 (base 9) to base 13.
10
Convert 3 (base 6) to base 14.
3
Convert -4 (base 11) to base 7.
-4
Convert -230 (base 5) to base 7.
-122
Convert 5 (base 15) to base 6.
5
What is -130 (base 10) in base 15?
-8a
What is -100110 (base 2) in base 13?
-2c
e 